culate g(f).
-18
Let x = -242 + 245. Suppose 18 = -2*f + 4*z, -5*f - x*z = z + 3. Let g(t) = 2*t**2 + 3*t - 2. Determine g(f).
7
Let i(d) = 2*d + 26. Let m be 3/18 + 5967/162. Suppose n = -42*h + m*h - 75, -h - 4*n = -4. Determine i(h).
-6
Let n(c) be the second derivative of c**3/6 + 2*c**2 + c. Let f be (0 - 0)/(-308 - -307). Determine n(f).
4
Let j(g) be the second derivative of g**5/20 - 7*g**4/12 + 4*g**3/3 - 7*g**2/2 + 2*g - 3752. Suppose 4*z - 30 = -z. What is j(z)?
5
Let d(x) = -1 + 19*x**3 - 10*x - 11*x**2 + 81*x**3 - 101*x**3 + 23*x. Let j = -30 + 18. Calculate d(j).
-13
Let q(f) = 3*f**2 + 2*f - 1. Let p(n) = -7*n**2 + 3*n + 1. Let c(u) = p(u) + 2*q(u). Suppose -3*v + 84 = -v. Suppose h + 5*h = v. Give c(h).
-1
Let y(p) be the third derivative of p**5/60 - 29*p**4/24 - 55*p**3/2 - 2640*p**2. What is y(-5)?
5
Let m(g) be the third derivative of -g**4/6 - 11*g**3 - 8340*g**2. Determine m(-20).
14
Let m(p) = -3 - 2 + 2 - 3*p. Suppose 3*a - 4*a + 6 = 3*f, 0 = -f + 3*a + 12. Suppose -d + 5 = -f*y - 2*d, -3*d = -3. Calculate m(y).
3
Let c(b) = 3*b**2 + 13*b + 13. Let l(i) = i**2 + 4*i + 4. Let j be 702/390*(-10)/(-3). Let s(z) = j*c(z) - 17*l(z). Determine s(-10).
10
Let i = 4 + -5. Let s(k) = -3*k + 35. Let f(y) = 3*y - 47. Let c(o) = 3*f(o) + 4*s(o). Determine c(i).
2
Let r(z) = 9*z**2 - 3*z - 15. Let n be r(-4). Suppose 136*k = n*k - 35. Suppose 0 = -i - 2*b - 8, 9*b - 8 = i + k*b. Let w(h) = -h - 9. Give w(i).
-1
Let j(k) = -188*k - 477. Let m(s) = 13*s + 34. Let r(h) = 2*j(h) + 29*m(h). What is r(7)?
39
Let i(j) be the first derivative of 7*j**2/2 - 56*j + 6851. Give i(14).
42
Let h(l) be the first derivative of -14*l**3/3 - 3*l**2/2 + 1613. Determine h(1).
-17
Let d = 11589 - 11586. Let j(w) = w**2 + 45*w - 157. Calculate j(d).
-13
Let f(h) = -10 - 2*h**2 + 35*h + 4*h**2 + 40*h - 79*h + 0*h**2. Give f(-2).
6
Let m be -16 + (-235)/(-20) - (-1)/4. Let a(u) = -12*u - 44. Give a(m).
4
Suppose -8 = -4*b - 3*t + 6, -5*t + 15 = 5*b. Let c(w) = b*w + 3 - 5 - w. Suppose -7 = 24*f + 89. Calculate c(f).
-18
Let c(o) = -3*o + 5. Let a be 1 + (1 + (4 - 5) - 137). Let k = a + 130. What is c(k)?
23
Let u be (47/94)/((-2)/36). Let w(m) = -8*m**2 - 12*m - 3. Let j(r) = 7*r**2 + 11*r + 3. Let c(d) = 7*j(d) + 6*w(d). Give c(u).
39
Suppose 5*s - 14 = 4*o, s + 432 = 3*o + 437. Let w(j) be the second derivative of j**4/3 + j**3/2 - j**2 + 4*j. What is w(s)?
20
Let c be -98*(-4 - -3)*1. Let t = -108 + 206. Let z(f) = -t + c + 9*f. What is z(-1)?
-9
Suppose -459 + 102 = 40*x - 159*x. Let s(f) be the third derivative of f**5/30 + f**3/3 - 10*f**2. Determine s(x).
20
Let n(h) = -72*h**2 - 3*h**3 + 65*h**2 + 2*h**3 + 5 - 5*h. Let y = 6 + -16. Let q = y + 4. What is n(q)?
-1
Suppose 11 = -3*n + 41. Suppose -2*p + 6*s - 3*s = -n, 12 = 3*p - 3*s. Let y(f) = f - 3. Give y(p).
-1
Let q(y) be the second derivative of 0 + 7/20*y**5 + 31*y + 0*y**2 + 1/6*y**4 + 1/6*y**3. Calculate q(-1).
-6
Let w(a) be the first derivative of 13*a - 18*a + 11*a**2 + 27 + 4*a. Determine w(-1).
-23
Let b(d) be the second derivative of d**7/2520 - 7*d**6/720 + d**5/12 + d**4/4 - 4*d**2 - 17*d + 4. Let k(p) be the third derivative of b(p). Calculate k(5).
0
Suppose 5*v = 16*k - 14*k + 13, 4*v - 6 = 6*k. Let a(y) = -2*y**3 - 2*y**2 - 2*y + 4. Calculate a(k).
-2
Let b be 40/15*((-50)/8 - -4). Let j(z) = z**2 + 6*z + 10. Calculate j(b).
10
Let q(r) = 2*r + 10. Let s(j) = -4*j**3 - 33*j**2 - 8*j + 14. Let n be s(-8). Suppose n = u + u. Determine q(u).
24
Let p(v) = 4723*v - 2366*v + 28 - 2364*v. Determine p(15).
-77
Let q(r) be the first derivative of r**3/3 + 4*r**2 - 37*r - 24. Let b(i) be the first derivative of q(i). Calculate b(-8).
-8
Let l(b) be the second derivative of b**4/12 + 25*b**3/6 + 49*b**2/2 + 711*b - 1. Calculate l(-23).
3
Suppose 12*f = -4*f. Let y(m) = -3 + 2 + m + m**2 - m**3 + f*m**2. What is y(1)?
0
Let x(s) = s**2 + 2*s + 9. Let j be x(-7). Let u = 46 - j. Let i(a) = 2*a**2 + 7 - 1 - a**u + 8*a + 0. Give i(-5).
-9
Let w(g) = -4 + 7*g - 18*g + 4*g - 1 + 5*g. Let b(v) = 2*v + 2. Let t(x) = -4*b(x) - 5*w(x). Determine t(-9).
-1
Suppose -c - 13 = -18. Suppose 0 = -0*b - c*b + 20. Let a be (-36)/(-15)*10/b. Let q(f) = -f - 1. Calculate q(a).
-7
Let b(w) be the second derivative of w**5/20 - w**4/12 + w**3/6 + w. Let d = -12 - -10. Calculate b(d).
-14
Let m(t) = -t**2 - 4*t + 48. Let j be m(-9). Suppose -v = -4*o - 20, 2*v + 15 = -0*v - j*o. Let i(f) = -f**2 - f - 20. What is i(v)?
-20
Let d(o) = -6*o**2 - 31*o - 3. Let p be d(-5). Let z(b) = 56*b**3 - 18*b**2 - 59*b**3 - 1 + 17*b**2 + p*b. What is z(1)?
-3
Suppose -3*d + 4 = 5*r, 0 = 4*d + 3*r + 2. Let y(m) be the first derivative of -1/4*m**4 - 15 - 1/3*m**3 + 1/2*m**2 + 2*m. Determine y(d).
4
Let n be 3/(1 + 5/(-2)). Let t(i) = i**2 + 2*i - 4. Let y(q) = 2*q**2 + 5*q - 7. Suppose 192*g + 155 = 223*g. Let p(v) = g*t(v) + n*y(v). What is p(0)?
-6
Let v(k) = 7*k**3 + 2*k**2 + 2*k. Let u be v(-1). Let w(s) be the third derivative of s**6/120 + 7*s**5/60 + s**4/12 + s**3/6 - 13*s**2 - 4*s. Give w(u).
-13
Let x(h) = -5*h**2 + 14*h + 25. Let v(k) = 2*k**2 + k - 1. Let d(j) = -5*v(j) - x(j). Let o be d(-1). Let p(u) = 3*u - 3*u - u - 6. Give p(o).
0
Let u(f) = 55*f**2 - f - 1. Let a(z) = 92*z**2 - 2*z - 3. Let d(y) = 3*a(y) - 5*u(y). Determine d(-8).
68
Let a(d) = -12*d + 3. Let g(m) = -m**3 + 11*m**2 + 7*m - 69. Let q be g(11). Suppose -5*v - q + 18 = 0. What is a(v)?
-21
Let w be 10/20 - (36/60 - 59/(-10)). Let i(c) = 4*c**3 - 2*c**2 - 3*c + 2. Let j(l) = -3*l**3 + 3*l**2 + 2*l - 3. Let f(a) = 4*i(a) + 5*j(a). Determine f(w).
41
Suppose 0 = -15*t + 2715. Let n(p) = -3*p + 55*p**2 + 62*p**2 - t*p**2 - p + 65*p**2 - 5. Calculate n(5).
0
Let m(x) = -42 + 0 + 36*x + 62*x - 123 - 21*x. Calculate m(2).
-11
Let v(d) be the second derivative of d**4/12 + d**3/3 + d**2/2 - 9*d. Suppose -2*g - 5*m - 23 = 0, 3*g - g - 1 = 3*m. Give v(g).
9
Let k(d) = -d**3 + 22*d**2 + 50*d - 48. Suppose 4*z = -2*f + 32, 0 = 2*f - 0*z - 2*z - 56. What is k(f)?
0
Let p(z) be the first derivative of 19*z**2/2 + 136*z - 402. What is p(-7)?
3
Suppose 0*p - 5*d - 20 = 5*p, 2*p - 2*d + 20 = 0. Let w(z) be the second derivative of 0 + 1/12*z**4 - 41*z - 5/2*z**2 + z**3. What is w(p)?
2
Let p(f) = -7*f**2 + 25*f + 4. Let s(z) = 3*z**2 - 6*z - 2. Let y(i) = 2*p(i) + 5*s(i). Calculate y(-20).
-2
Let f(m) be the third derivative of -31*m**4/24 + 53*m**3/6 - 913*m**2 + 2*m. Determine f(2).
-9
Let k(g) = g**3 - 12*g**2 + 8. Let l be k(12). Let q = 193 - 184. Let f(h) = -q*h**2 + 6*h + 8 + l*h**2 + 2*h**2 + 0*h**2. Determine f(-6).
8
Let j(t) = -t**3 - 7*t**2 + 9*t + 8. Let w be 4/(-5)*150/(-20). Suppose -w = 4*d - 26, 2*n + d = 15. Suppose n*p + 20 = -20. Determine j(p).
0
Let p(j) = -j**3 - 5*j**2 - 7*j - 4. Let q(d) = -d**2 + 15*d + 95. Let h be q(20). Let o be -5 - (h - (4 + -8)). Give p(o).
8
Let c = 19301 - 19309. Let t(a) = -7*a - 28. What is t(c)?
28
Let h(o) be the first derivative of -3/2*o**2 + 1/4*o**4 + 3*o - 4 + 0*o**3. Let m be (-6 - -10)/(20/15). What is h(m)?
21
Let m(s) = 2*s**3 - 30*s**2 + 50*s + 31. Suppose 83*g + g - 467 = 625. Calculate m(g).
5
Let m(v) = 7*v + 77125 - 38574 + 3*v - 38563. Give m(-1).
-22
Let c(l) = -3*l - 5. Suppose -84 = t - 4*z + 5*z, -2*t - 183 = -z. Let q = t - -80. What is c(q)?
22
Let r(g) = 10*g**2 + 2*g - 2. Let q(o) be the second derivative of -3*o**3/2 + 35*o**2 + 9*o. Let j be q(8). Determine r(j).
34
Let y(d) be the first derivative of 101 - 5*d + 3/2*d**2. Calculate y(3).
4
Suppose 15*z = 11*z + 4. Let b(n) be the second derivative of -7*n**5/20 - n**4/12 + n**3/3 - n**2/2 - 2*n - 9. Calculate b(z).
-7
Let a = 335 - 332. Let h(v) = -v**a + 6*v + 160*v**2 - 7*v - 1 - 157*v**2. What is h(4)?
-21
Let n(b) be the first derivative of 8*b**2 - 15*b**2 + 2*b**2 - 14*b - 6 - 139 + 4*b**2. Calculate n(0).
-14
Let c(k) = -2*k**3 + k**2 + 3*k - 6. Let j = -2673 - -2670. Give c(j).
48
Suppose -2*q = -5*j + 25, -2*j - 2*q = -7*q - 31. Let p(w) be the first derivative of 1/2*w**2 - w**j - w - 20. Calculate p(1).
-3
Let y(t) = -t**3 - 7*t**2 - 6*t - 4. Let a(z) = -z + 7. Let o(n) = 1. Let c(i) = a(i) - 6*o(i). Suppose -2*r - 28 = -6*r. Let p be c(r). Give y(p).
-4
Let f(u) = u + 57 - 2*u + 8*u - 115 + 87. Give f(-13).
-62
Supp